{"id":67,"date":"2020-12-16T23:08:19","date_gmt":"2020-12-16T22:08:19","guid":{"rendered":"http:\/\/articulaconsultoria.com\/?page_id=67"},"modified":"2021-01-14T15:38:08","modified_gmt":"2021-01-14T14:38:08","slug":"por-que-elegirnos","status":"publish","type":"page","link":"https:\/\/articulaconsultoria.com\/index.php\/por-que-elegirnos\/","title":{"rendered":"\u00bfPor qu\u00e9 elegirnos?"},"content":{"rendered":"\n<p>Ofrecemos servicios personalizados de consultor\u00eda y asesor\u00eda y aportamos una <strong><span style=\"color:#777777\" class=\"has-inline-color\">gesti\u00f3n especializada<\/span><\/strong> en la documentaci\u00f3n t\u00e9cnica para las licitaciones, comprometidos con el cliente en todo momento, con <strong><span style=\"color:#777777\" class=\"has-inline-color\">eficacia, rigor y calidad<\/span><\/strong> en los trabajos.<\/p>\n\n\n\n<p>Contamos con equipos de trabajo adaptados a las necesidades de cada proyecto, con el fin de que un especialista, estudie y analice la parte del proyecto que m\u00e1s se adapta a su experiencia. Y as\u00ed obtiene el <strong><span style=\"color:#777777\" class=\"has-inline-color\">mejor resultado en un menor tiempo<\/span><\/strong>, mejorando nuestros ratios de eficacia.<\/p>\n\n\n\n<p>Nos apoyamos sobre una base s\u00f3lida gracias al conocimiento del actual \u00e1mbito legislativo relativo al proceso de la construcci\u00f3n y los agentes que en \u00e9l intervienen. As\u00ed como por la <strong><span style=\"color:#777777\" class=\"has-inline-color\">trayectoria profesional<\/span><\/strong> en la ejecuci\u00f3n de construcciones a pie de obra para constructoras l\u00edderes en el sector y presentando documentaciones t\u00e9cnicas.<\/p>\n\n\n\n<p>Aportamos <strong><span style=\"color:#777777\" class=\"has-inline-color\">seguridad<\/span> <\/strong>al garantizar el cumplimiento de los plazos y presupuestos acordados con el cliente en nuestros trabajos.<\/p>\n","protected":false},"excerpt":{"rendered":"<p>Ofrecemos servicios personalizados de consultor\u00eda y asesor\u00eda y aportamos una gesti\u00f3n especializada en la documentaci\u00f3n t\u00e9cnica para las licitaciones, comprometidos con el cliente en todo momento, con eficacia, rigor y calidad en los trabajos. Contamos con equipos de trabajo adaptados a las necesidades de cada proyecto, con el fin de que un especialista, estudie y &hellip; <\/p>\n<p class=\"link-more\"><a href=\"https:\/\/articulaconsultoria.com\/index.php\/por-que-elegirnos\/\" class=\"more-link\">Continuar leyendo<span class=\"screen-reader-text\"> \u00ab\u00bfPor qu\u00e9 elegirnos?\u00bb<\/span><\/a><\/p>\n","protected":false},"author":1,"featured_media":81,"parent":0,"menu_order":0,"comment_status":"closed","ping_status":"closed","template":"","meta":{"footnotes":""},"class_list":["post-67","page","type-page","status-publish","has-post-thumbnail","hentry"],"yoast_head":"<!-- This site is optimized with the Yoast SEO plugin v27.5 - https:\/\/yoast.com\/product\/yoast-seo-wordpress\/ -->\n<title>\u00bfPor qu\u00e9 elegirnos? - Articula<\/title>\n<meta name=\"description\" content=\"Ofrecemos servicios personalizados de consultor\u00eda y asesor\u00eda y aportamos una gesti\u00f3n especializada en la documentaci\u00f3n t\u00e9cnica para las licitaciones, comprometidos con el cliente en todo momento, con eficacia, rigor y calidad en los trabajos.\" \/>\n<meta name=\"robots\" content=\"index, follow, max-snippet:-1, max-image-preview:large, max-video-preview:-1\" \/>\n<link rel=\"canonical\" href=\"https:\/\/articulaconsultoria.com\/index.php\/por-que-elegirnos\/\" \/>\n<meta property=\"og:locale\" content=\"es_ES\" \/>\n<meta property=\"og:type\" content=\"article\" \/>\n<meta property=\"og:title\" content=\"\u00bfPor qu\u00e9 elegirnos? - Articula\" \/>\n<meta property=\"og:description\" content=\"Ofrecemos servicios personalizados de consultor\u00eda y asesor\u00eda y aportamos una gesti\u00f3n especializada en la documentaci\u00f3n t\u00e9cnica para las licitaciones, comprometidos con el cliente en todo momento, con eficacia, rigor y calidad en los trabajos.\" \/>\n<meta property=\"og:url\" content=\"https:\/\/articulaconsultoria.com\/index.php\/por-que-elegirnos\/\" \/>\n<meta property=\"og:site_name\" content=\"Articula\" \/>\n<meta property=\"article:modified_time\" content=\"2021-01-14T14:38:08+00:00\" \/>\n<meta property=\"og:image\" content=\"https:\/\/articulaconsultoria.com\/wp-content\/uploads\/2020\/12\/articulanuestrostrabajos.jpg\" \/>\n\t<meta property=\"og:image:width\" content=\"2000\" \/>\n\t<meta property=\"og:image:height\" content=\"1200\" \/>\n\t<meta property=\"og:image:type\" content=\"image\/jpeg\" \/>\n<meta name=\"twitter:card\" content=\"summary_large_image\" \/>\n<meta name=\"twitter:label1\" content=\"Tiempo de lectura\" \/>\n\t<meta name=\"twitter:data1\" content=\"1 minuto\" \/>\n<script type=\"application\/ld+json\" class=\"yoast-schema-graph\">{\"@context\":\"https:\\\/\\\/schema.org\",\"@graph\":[{\"@type\":\"WebPage\",\"@id\":\"https:\\\/\\\/articulaconsultoria.com\\\/index.php\\\/por-que-elegirnos\\\/\",\"url\":\"https:\\\/\\\/articulaconsultoria.com\\\/index.php\\\/por-que-elegirnos\\\/\",\"name\":\"\u00bfPor qu\u00e9 elegirnos? - Articula\",\"isPartOf\":{\"@id\":\"https:\\\/\\\/articulaconsultoria.com\\\/#website\"},\"primaryImageOfPage\":{\"@id\":\"https:\\\/\\\/articulaconsultoria.com\\\/index.php\\\/por-que-elegirnos\\\/#primaryimage\"},\"image\":{\"@id\":\"https:\\\/\\\/articulaconsultoria.com\\\/index.php\\\/por-que-elegirnos\\\/#primaryimage\"},\"thumbnailUrl\":\"https:\\\/\\\/articulaconsultoria.com\\\/wp-content\\\/uploads\\\/2020\\\/12\\\/articulanuestrostrabajos.jpg\",\"datePublished\":\"2020-12-16T22:08:19+00:00\",\"dateModified\":\"2021-01-14T14:38:08+00:00\",\"description\":\"Ofrecemos servicios personalizados de consultor\u00eda y asesor\u00eda y aportamos una gesti\u00f3n especializada en la documentaci\u00f3n t\u00e9cnica para las licitaciones, comprometidos con el cliente en todo momento, con eficacia, rigor y calidad en los trabajos.\",\"breadcrumb\":{\"@id\":\"https:\\\/\\\/articulaconsultoria.com\\\/index.php\\\/por-que-elegirnos\\\/#breadcrumb\"},\"inLanguage\":\"es\",\"potentialAction\":[{\"@type\":\"ReadAction\",\"target\":[\"https:\\\/\\\/articulaconsultoria.com\\\/index.php\\\/por-que-elegirnos\\\/\"]}]},{\"@type\":\"ImageObject\",\"inLanguage\":\"es\",\"@id\":\"https:\\\/\\\/articulaconsultoria.com\\\/index.php\\\/por-que-elegirnos\\\/#primaryimage\",\"url\":\"https:\\\/\\\/articulaconsultoria.com\\\/wp-content\\\/uploads\\\/2020\\\/12\\\/articulanuestrostrabajos.jpg\",\"contentUrl\":\"https:\\\/\\\/articulaconsultoria.com\\\/wp-content\\\/uploads\\\/2020\\\/12\\\/articulanuestrostrabajos.jpg\",\"width\":2000,\"height\":1200,\"caption\":\"Articula - Nuestros trabajos\"},{\"@type\":\"BreadcrumbList\",\"@id\":\"https:\\\/\\\/articulaconsultoria.com\\\/index.php\\\/por-que-elegirnos\\\/#breadcrumb\",\"itemListElement\":[{\"@type\":\"ListItem\",\"position\":1,\"name\":\"Portada\",\"item\":\"https:\\\/\\\/articulaconsultoria.com\\\/\"},{\"@type\":\"ListItem\",\"position\":2,\"name\":\"\u00bfPor qu\u00e9 elegirnos?\"}]},{\"@type\":\"WebSite\",\"@id\":\"https:\\\/\\\/articulaconsultoria.com\\\/#website\",\"url\":\"https:\\\/\\\/articulaconsultoria.com\\\/\",\"name\":\"Articula\",\"description\":\"Consultor\u00eda de arquitectura\",\"publisher\":{\"@id\":\"https:\\\/\\\/articulaconsultoria.com\\\/#organization\"},\"potentialAction\":[{\"@type\":\"SearchAction\",\"target\":{\"@type\":\"EntryPoint\",\"urlTemplate\":\"https:\\\/\\\/articulaconsultoria.com\\\/?s={search_term_string}\"},\"query-input\":{\"@type\":\"PropertyValueSpecification\",\"valueRequired\":true,\"valueName\":\"search_term_string\"}}],\"inLanguage\":\"es\"},{\"@type\":\"Organization\",\"@id\":\"https:\\\/\\\/articulaconsultoria.com\\\/#organization\",\"name\":\"Articula Consultor\u00eda\",\"url\":\"https:\\\/\\\/articulaconsultoria.com\\\/\",\"logo\":{\"@type\":\"ImageObject\",\"inLanguage\":\"es\",\"@id\":\"https:\\\/\\\/articulaconsultoria.com\\\/#\\\/schema\\\/logo\\\/image\\\/\",\"url\":\"https:\\\/\\\/articulaconsultoria.com\\\/wp-content\\\/uploads\\\/2020\\\/12\\\/articulaicono250.png\",\"contentUrl\":\"https:\\\/\\\/articulaconsultoria.com\\\/wp-content\\\/uploads\\\/2020\\\/12\\\/articulaicono250.png\",\"width\":250,\"height\":250,\"caption\":\"Articula Consultor\u00eda\"},\"image\":{\"@id\":\"https:\\\/\\\/articulaconsultoria.com\\\/#\\\/schema\\\/logo\\\/image\\\/\"},\"sameAs\":[\"https:\\\/\\\/www.instagram.com\\\/articulaarq\\\/\"]}]}<\/script>\n<!-- \/ Yoast SEO plugin. -->","yoast_head_json":{"title":"\u00bfPor qu\u00e9 elegirnos? - Articula","description":"Ofrecemos servicios personalizados de consultor\u00eda y asesor\u00eda y aportamos una gesti\u00f3n especializada en la documentaci\u00f3n t\u00e9cnica para las licitaciones, comprometidos con el cliente en todo momento, con eficacia, rigor y calidad en los trabajos.","robots":{"index":"index","follow":"follow","max-snippet":"max-snippet:-1","max-image-preview":"max-image-preview:large","max-video-preview":"max-video-preview:-1"},"canonical":"https:\/\/articulaconsultoria.com\/index.php\/por-que-elegirnos\/","og_locale":"es_ES","og_type":"article","og_title":"\u00bfPor qu\u00e9 elegirnos? - Articula","og_description":"Ofrecemos servicios personalizados de consultor\u00eda y asesor\u00eda y aportamos una gesti\u00f3n especializada en la documentaci\u00f3n t\u00e9cnica para las licitaciones, comprometidos con el cliente en todo momento, con eficacia, rigor y calidad en los trabajos.","og_url":"https:\/\/articulaconsultoria.com\/index.php\/por-que-elegirnos\/","og_site_name":"Articula","article_modified_time":"2021-01-14T14:38:08+00:00","og_image":[{"width":2000,"height":1200,"url":"https:\/\/articulaconsultoria.com\/wp-content\/uploads\/2020\/12\/articulanuestrostrabajos.jpg","type":"image\/jpeg"}],"twitter_card":"summary_large_image","twitter_misc":{"Tiempo de lectura":"1 minuto"},"schema":{"@context":"https:\/\/schema.org","@graph":[{"@type":"WebPage","@id":"https:\/\/articulaconsultoria.com\/index.php\/por-que-elegirnos\/","url":"https:\/\/articulaconsultoria.com\/index.php\/por-que-elegirnos\/","name":"\u00bfPor qu\u00e9 elegirnos? - Articula","isPartOf":{"@id":"https:\/\/articulaconsultoria.com\/#website"},"primaryImageOfPage":{"@id":"https:\/\/articulaconsultoria.com\/index.php\/por-que-elegirnos\/#primaryimage"},"image":{"@id":"https:\/\/articulaconsultoria.com\/index.php\/por-que-elegirnos\/#primaryimage"},"thumbnailUrl":"https:\/\/articulaconsultoria.com\/wp-content\/uploads\/2020\/12\/articulanuestrostrabajos.jpg","datePublished":"2020-12-16T22:08:19+00:00","dateModified":"2021-01-14T14:38:08+00:00","description":"Ofrecemos servicios personalizados de consultor\u00eda y asesor\u00eda y aportamos una gesti\u00f3n especializada en la documentaci\u00f3n t\u00e9cnica para las licitaciones, comprometidos con el cliente en todo momento, con eficacia, rigor y calidad en los trabajos.","breadcrumb":{"@id":"https:\/\/articulaconsultoria.com\/index.php\/por-que-elegirnos\/#breadcrumb"},"inLanguage":"es","potentialAction":[{"@type":"ReadAction","target":["https:\/\/articulaconsultoria.com\/index.php\/por-que-elegirnos\/"]}]},{"@type":"ImageObject","inLanguage":"es","@id":"https:\/\/articulaconsultoria.com\/index.php\/por-que-elegirnos\/#primaryimage","url":"https:\/\/articulaconsultoria.com\/wp-content\/uploads\/2020\/12\/articulanuestrostrabajos.jpg","contentUrl":"https:\/\/articulaconsultoria.com\/wp-content\/uploads\/2020\/12\/articulanuestrostrabajos.jpg","width":2000,"height":1200,"caption":"Articula - Nuestros trabajos"},{"@type":"BreadcrumbList","@id":"https:\/\/articulaconsultoria.com\/index.php\/por-que-elegirnos\/#breadcrumb","itemListElement":[{"@type":"ListItem","position":1,"name":"Portada","item":"https:\/\/articulaconsultoria.com\/"},{"@type":"ListItem","position":2,"name":"\u00bfPor qu\u00e9 elegirnos?"}]},{"@type":"WebSite","@id":"https:\/\/articulaconsultoria.com\/#website","url":"https:\/\/articulaconsultoria.com\/","name":"Articula","description":"Consultor\u00eda de arquitectura","publisher":{"@id":"https:\/\/articulaconsultoria.com\/#organization"},"potentialAction":[{"@type":"SearchAction","target":{"@type":"EntryPoint","urlTemplate":"https:\/\/articulaconsultoria.com\/?s={search_term_string}"},"query-input":{"@type":"PropertyValueSpecification","valueRequired":true,"valueName":"search_term_string"}}],"inLanguage":"es"},{"@type":"Organization","@id":"https:\/\/articulaconsultoria.com\/#organization","name":"Articula Consultor\u00eda","url":"https:\/\/articulaconsultoria.com\/","logo":{"@type":"ImageObject","inLanguage":"es","@id":"https:\/\/articulaconsultoria.com\/#\/schema\/logo\/image\/","url":"https:\/\/articulaconsultoria.com\/wp-content\/uploads\/2020\/12\/articulaicono250.png","contentUrl":"https:\/\/articulaconsultoria.com\/wp-content\/uploads\/2020\/12\/articulaicono250.png","width":250,"height":250,"caption":"Articula Consultor\u00eda"},"image":{"@id":"https:\/\/articulaconsultoria.com\/#\/schema\/logo\/image\/"},"sameAs":["https:\/\/www.instagram.com\/articulaarq\/"]}]}},"_links":{"self":[{"href":"https:\/\/articulaconsultoria.com\/index.php\/wp-json\/wp\/v2\/pages\/67","targetHints":{"allow":["GET"]}}],"collection":[{"href":"https:\/\/articulaconsultoria.com\/index.php\/wp-json\/wp\/v2\/pages"}],"about":[{"href":"https:\/\/articulaconsultoria.com\/index.php\/wp-json\/wp\/v2\/types\/page"}],"author":[{"embeddable":true,"href":"https:\/\/articulaconsultoria.com\/index.php\/wp-json\/wp\/v2\/users\/1"}],"replies":[{"embeddable":true,"href":"https:\/\/articulaconsultoria.com\/index.php\/wp-json\/wp\/v2\/comments?post=67"}],"version-history":[{"count":6,"href":"https:\/\/articulaconsultoria.com\/index.php\/wp-json\/wp\/v2\/pages\/67\/revisions"}],"predecessor-version":[{"id":103,"href":"https:\/\/articulaconsultoria.com\/index.php\/wp-json\/wp\/v2\/pages\/67\/revisions\/103"}],"wp:featuredmedia":[{"embeddable":true,"href":"https:\/\/articulaconsultoria.com\/index.php\/wp-json\/wp\/v2\/media\/81"}],"wp:attachment":[{"href":"https:\/\/articulaconsultoria.com\/index.php\/wp-json\/wp\/v2\/media?parent=67"}],"curies":[{"name":"wp","href":"https:\/\/api.w.org\/{rel}","templated":true}]}}